{"id":1224,"date":"2017-10-12T20:46:39","date_gmt":"2017-10-13T00:46:39","guid":{"rendered":"https:\/\/catherinegoerner.com\/?page_id=1224"},"modified":"2017-10-12T21:00:37","modified_gmt":"2017-10-13T01:00:37","slug":"les-formes-et-leur-organisation-dans-lespace","status":"publish","type":"page","link":"https:\/\/catherinegoerner.com\/?page_id=1224","title":{"rendered":"Les formes et leur organisation dans l&rsquo;espace."},"content":{"rendered":"<p><strong>La forme:<\/strong><\/p>\n<p>Il existe diff\u00e9rentes cat\u00e9gories de formes. Nous parlons de <strong>forme g\u00e9om\u00e9trique<\/strong> lorsqu&rsquo;elle est r\u00e9guli\u00e8re et compos\u00e9e de lignes droites ou d&rsquo;arcs de cercle. La <strong>forme organique<\/strong>, au contraire, est irr\u00e9guli\u00e8re, ne poss\u00e8de pas d&rsquo;angle et ses contours sont fluides. Dans la nature, on retrouve surtout ce type de forme. La forme peut \u00e9galement \u00eatre <strong>sym\u00e9trique<\/strong> si elle poss\u00e8de un axe de sym\u00e9trie (flocon de neige par exemple), ou <strong>asym\u00e9trique<\/strong> si elle ne poss\u00e8de pas d&rsquo;axe de sym\u00e9trie. Finalement, la forme peut \u00eatre <strong>ferm\u00e9e<\/strong> si ses lignes contours se rejoignent, et <strong>ouverte<\/strong> si un ou des espaces s\u00e9parent son contour. Nous avons donc ici 3 groupes de formes oppos\u00e9es que nous allons dessiner vis \u00e0 vis sur une page de notre cahier:<\/p>\n<p><strong>&#8211; G\u00e9om\u00e9trique \/ Organique<\/strong><\/p>\n<p><a href=\"https:\/\/catherinegoerner.com\/wp-content\/uploads\/2017\/10\/Basic-Shapes-to-Print-and-Color2.gif\"><img loading=\"lazy\" decoding=\"async\" class=\"alignnone  wp-image-1225\" src=\"https:\/\/catherinegoerner.com\/wp-content\/uploads\/2017\/10\/Basic-Shapes-to-Print-and-Color2-300x207.gif\" alt=\"Basic-Shapes-to-Print-and-Color2\" width=\"287\" height=\"202\" \/><\/a>\u00a0 \u00a0 \u00a0\u00a0<a href=\"https:\/\/catherinegoerner.com\/wp-content\/uploads\/2017\/10\/dessin-dents-chiron-clemence3.jpg\"><img loading=\"lazy\" decoding=\"async\" class=\"alignnone  wp-image-1226\" src=\"https:\/\/catherinegoerner.com\/wp-content\/uploads\/2017\/10\/dessin-dents-chiron-clemence3-300x276.jpg\" alt=\"DESSINS - AUTOUR DES DENTS\" width=\"242\" height=\"223\" srcset=\"https:\/\/catherinegoerner.com\/wp-content\/uploads\/2017\/10\/dessin-dents-chiron-clemence3-300x276.jpg 300w, https:\/\/catherinegoerner.com\/wp-content\/uploads\/2017\/10\/dessin-dents-chiron-clemence3.jpg 315w\" sizes=\"auto, (max-width: 242px) 100vw, 242px\" \/><\/a><\/p>\n<p><strong>&#8211; Sym\u00e9trique \/ Asym\u00e9trique<\/strong><\/p>\n<p><a href=\"https:\/\/catherinegoerner.com\/wp-content\/uploads\/2017\/10\/Syme\u0301trie-Asyme\u0301trie.png\"><img loading=\"lazy\" decoding=\"async\" class=\"alignnone  wp-image-1228\" src=\"https:\/\/catherinegoerner.com\/wp-content\/uploads\/2017\/10\/Mc6zKyLc8-268x300.gif\" alt=\"Mc6zKyLc8\" width=\"223\" height=\"248\" \/>\u00a0 \u00a0 \u00a0\u00a0<img loading=\"lazy\" decoding=\"async\" class=\"alignnone size-medium wp-image-1227\" src=\"https:\/\/catherinegoerner.com\/wp-content\/uploads\/2017\/10\/Syme\u0301trie-Asyme\u0301trie-300x203.png\" alt=\"Syme\u0301trie-Asyme\u0301trie\" width=\"300\" height=\"203\" srcset=\"https:\/\/catherinegoerner.com\/wp-content\/uploads\/2017\/10\/Syme\u0301trie-Asyme\u0301trie-300x203.png 300w, https:\/\/catherinegoerner.com\/wp-content\/uploads\/2017\/10\/Syme\u0301trie-Asyme\u0301trie-443x300.png 443w, https:\/\/catherinegoerner.com\/wp-content\/uploads\/2017\/10\/Syme\u0301trie-Asyme\u0301trie.png 623w\" sizes=\"auto, (max-width: 300px) 100vw, 300px\" \/><\/a><\/p>\n<p><strong>&#8211; Ferm\u00e9e \/ Ouverte<\/strong><\/p>\n<p><a href=\"https:\/\/catherinegoerner.com\/wp-content\/uploads\/2017\/10\/visage-de-femmes-et-ligne-art-black-de-courbe-d-illustration-de-fleurs-et-blanc-abstraits-63039501.jpg\"><img loading=\"lazy\" decoding=\"async\" class=\"alignnone size-medium wp-image-1232\" src=\"https:\/\/catherinegoerner.com\/wp-content\/uploads\/2017\/10\/bebek-300x225.jpg\" alt=\"bebek\" width=\"300\" height=\"225\" srcset=\"https:\/\/catherinegoerner.com\/wp-content\/uploads\/2017\/10\/bebek-300x225.jpg 300w, https:\/\/catherinegoerner.com\/wp-content\/uploads\/2017\/10\/bebek.jpg 1024w, https:\/\/catherinegoerner.com\/wp-content\/uploads\/2017\/10\/bebek-400x300.jpg 400w\" sizes=\"auto, (max-width: 300px) 100vw, 300px\" \/>\u00a0 \u00a0<img loading=\"lazy\" decoding=\"async\" class=\"alignnone  wp-image-1233\" src=\"https:\/\/catherinegoerner.com\/wp-content\/uploads\/2017\/10\/visage-de-femmes-et-ligne-art-black-de-courbe-d-illustration-de-fleurs-et-blanc-abstraits-63039501.jpg\" alt=\"visage-de-femmes-et-ligne-art-black-de-courbe-d-illustration-de-fleurs-et-blanc-abstraits-63039501\" width=\"207\" height=\"207\" srcset=\"https:\/\/catherinegoerner.com\/wp-content\/uploads\/2017\/10\/visage-de-femmes-et-ligne-art-black-de-courbe-d-illustration-de-fleurs-et-blanc-abstraits-63039501.jpg 160w, https:\/\/catherinegoerner.com\/wp-content\/uploads\/2017\/10\/visage-de-femmes-et-ligne-art-black-de-courbe-d-illustration-de-fleurs-et-blanc-abstraits-63039501-150x150.jpg 150w\" sizes=\"auto, (max-width: 207px) 100vw, 207px\" \/>\u00a0 \u00a0<\/a><\/p>\n<p>Travail dans le cahier: (au lieu des deux derni\u00e8res cases, faire une case Forme ferm\u00e9e et l&rsquo;autre Forme ouverte)<\/p>\n<p><a href=\"https:\/\/catherinegoerner.com\/wp-content\/uploads\/2017\/10\/IMG_3628.jpg\"><img loading=\"lazy\" decoding=\"async\" class=\"alignnone size-full wp-image-1159\" src=\"https:\/\/catherinegoerner.com\/wp-content\/uploads\/2017\/10\/IMG_3628.jpg\" alt=\"IMG_3628\" width=\"2448\" height=\"3264\" srcset=\"https:\/\/catherinegoerner.com\/wp-content\/uploads\/2017\/10\/IMG_3628.jpg 2448w, https:\/\/catherinegoerner.com\/wp-content\/uploads\/2017\/10\/IMG_3628-225x300.jpg 225w, https:\/\/catherinegoerner.com\/wp-content\/uploads\/2017\/10\/IMG_3628-768x1024.jpg 768w\" sizes=\"auto, (max-width: 2448px) 100vw, 2448px\" \/><\/a><\/p>\n<p>&nbsp;<\/p>\n<p><span style=\"text-decoration: underline;\"><strong>La disposition des formes dans l&rsquo;espace:<\/strong><\/span><\/p>\n<p>Les formes\u00a0peuvent \u00eatre organis\u00e9es\u00a0en\u00a0<strong>superposition\u00a0<\/strong>(une par dessus l&rsquo;autre)<\/p>\n<p><a href=\"https:\/\/catherinegoerner.com\/wp-content\/uploads\/2017\/09\/aleatoire3couleurs.png\"><img loading=\"lazy\" decoding=\"async\" class=\"alignnone size-medium wp-image-1072\" src=\"https:\/\/catherinegoerner.com\/wp-content\/uploads\/2017\/09\/aleatoire3couleurs-300x193.png\" alt=\"aleatoire3couleurs\" width=\"300\" height=\"193\" srcset=\"https:\/\/catherinegoerner.com\/wp-content\/uploads\/2017\/09\/aleatoire3couleurs-300x193.png 300w, https:\/\/catherinegoerner.com\/wp-content\/uploads\/2017\/09\/aleatoire3couleurs-465x300.png 465w, https:\/\/catherinegoerner.com\/wp-content\/uploads\/2017\/09\/aleatoire3couleurs.png 903w\" sizes=\"auto, (max-width: 300px) 100vw, 300px\" \/><\/a><\/p>\n<p>en\u00a0<strong>juxtaposition<\/strong>: (une \u00e0 c\u00f4t\u00e9 de l&rsquo;autre, tr\u00e8s pr\u00e8s, comme une mosa\u00efque ou un vitrail)<\/p>\n<p><a href=\"https:\/\/catherinegoerner.com\/wp-content\/uploads\/2017\/09\/21530226.jpg\"><img loading=\"lazy\" decoding=\"async\" class=\"alignnone size-medium wp-image-1073\" src=\"https:\/\/catherinegoerner.com\/wp-content\/uploads\/2017\/09\/21530226-300x225.jpg\" alt=\"21530226\" width=\"300\" height=\"225\" srcset=\"https:\/\/catherinegoerner.com\/wp-content\/uploads\/2017\/09\/21530226-300x225.jpg 300w, https:\/\/catherinegoerner.com\/wp-content\/uploads\/2017\/09\/21530226-400x300.jpg 400w, https:\/\/catherinegoerner.com\/wp-content\/uploads\/2017\/09\/21530226.jpg 720w\" sizes=\"auto, (max-width: 300px) 100vw, 300px\" \/><\/a><\/p>\n<p>et en\u00a0<strong>\u00e9num\u00e9ration<\/strong>: (espac\u00e9s sur la surface)<\/p>\n<p><a href=\"https:\/\/catherinegoerner.com\/wp-content\/uploads\/2017\/09\/13551262-motif-de-fruits-pixel-transparent-Banque-dimages.jpg\"><img loading=\"lazy\" decoding=\"async\" class=\"alignnone size-medium wp-image-1074\" src=\"https:\/\/catherinegoerner.com\/wp-content\/uploads\/2017\/09\/13551262-motif-de-fruits-pixel-transparent-Banque-dimages-300x300.jpg\" alt=\"13551262-motif-de-fruits-pixel-transparent-Banque-d'images\" width=\"300\" height=\"300\" srcset=\"https:\/\/catherinegoerner.com\/wp-content\/uploads\/2017\/09\/13551262-motif-de-fruits-pixel-transparent-Banque-dimages-300x300.jpg 300w, https:\/\/catherinegoerner.com\/wp-content\/uploads\/2017\/09\/13551262-motif-de-fruits-pixel-transparent-Banque-dimages-150x150.jpg 150w, https:\/\/catherinegoerner.com\/wp-content\/uploads\/2017\/09\/13551262-motif-de-fruits-pixel-transparent-Banque-dimages-1024x1024.jpg 1024w, https:\/\/catherinegoerner.com\/wp-content\/uploads\/2017\/09\/13551262-motif-de-fruits-pixel-transparent-Banque-dimages.jpg 1300w\" sizes=\"auto, (max-width: 300px) 100vw, 300px\" \/><\/a><\/p>\n<p>&nbsp;<\/p>\n<p><strong>Travail dans le cahier:<\/strong><\/p>\n<p>1-\u00a0Dessiner\u00a0<span style=\"text-decoration: underline;\">une suite de formes<\/span> plac\u00e9es en <strong>\u00e9num\u00e9ration<\/strong>, en <strong>juxtaposition<\/strong> et en <strong>superposition<\/strong> dans le haut de la page.<\/p>\n<p>1- R\u00e9aliser <span style=\"text-decoration: underline;\">2 motifs en \u00e9num\u00e9ration, en juxtaposition et en superposition<\/span> (2 pour chaque cat\u00e9gorie). L&rsquo;un des deux se fait en <strong>r\u00e9p\u00e9tition<\/strong>\u00a0(on utilise la m\u00eame forme) et l&rsquo;autre en <strong>alternance<\/strong> (on varie les formes utilis\u00e9es). Faire 6 cases dans le bas de la page et les remplir.<\/p>\n<p><a href=\"https:\/\/catherinegoerner.com\/wp-content\/uploads\/2017\/10\/30898747-Motif-ananas-Banque-dimages.jpg\"><img loading=\"lazy\" decoding=\"async\" class=\"alignnone  wp-image-1235\" src=\"https:\/\/catherinegoerner.com\/wp-content\/uploads\/2017\/10\/30898747-Motif-ananas-Banque-dimages.jpg\" alt=\"30898747-Motif-ananas-Banque-d'images\" width=\"129\" height=\"131\" srcset=\"https:\/\/catherinegoerner.com\/wp-content\/uploads\/2017\/10\/30898747-Motif-ananas-Banque-dimages.jpg 1283w, https:\/\/catherinegoerner.com\/wp-content\/uploads\/2017\/10\/30898747-Motif-ananas-Banque-dimages-296x300.jpg 296w, https:\/\/catherinegoerner.com\/wp-content\/uploads\/2017\/10\/30898747-Motif-ananas-Banque-dimages-1011x1024.jpg 1011w\" sizes=\"auto, (max-width: 129px) 100vw, 129px\" \/><\/a>\u00a0\u00a0Les motifs peuvent \u00eatre cr\u00e9es avec les formes de votre choix. Par exemple, si vous dessinez un ananas \u00e0 r\u00e9p\u00e9tition, nous pouvons appeler \u00e7a un <strong>motif<\/strong>. Soyez cr\u00e9atifs! \ud83d\ude42<\/p>\n<p><a href=\"https:\/\/catherinegoerner.com\/wp-content\/uploads\/2017\/10\/IMG_3627.jpg\"><img loading=\"lazy\" decoding=\"async\" class=\"alignnone size-full wp-image-1158\" src=\"https:\/\/catherinegoerner.com\/wp-content\/uploads\/2017\/10\/IMG_3627.jpg\" alt=\"IMG_3627\" width=\"2448\" height=\"3264\" srcset=\"https:\/\/catherinegoerner.com\/wp-content\/uploads\/2017\/10\/IMG_3627.jpg 2448w, https:\/\/catherinegoerner.com\/wp-content\/uploads\/2017\/10\/IMG_3627-225x300.jpg 225w, https:\/\/catherinegoerner.com\/wp-content\/uploads\/2017\/10\/IMG_3627-768x1024.jpg 768w\" sizes=\"auto, (max-width: 2448px) 100vw, 2448px\" \/><\/a><\/p>\n","protected":false},"excerpt":{"rendered":"<p>La forme: Il existe diff\u00e9rentes cat\u00e9gories de formes. Nous parlons de forme g\u00e9om\u00e9trique lorsqu&rsquo;elle est r\u00e9guli\u00e8re et compos\u00e9e de lignes droites ou d&rsquo;arcs de cercle. La forme organique, au contraire, est irr\u00e9guli\u00e8re, ne poss\u00e8de pas d&rsquo;angle et ses contours sont &hellip; <a href=\"https:\/\/catherinegoerner.com\/?page_id=1224\">Continuer la lecture <span class=\"meta-nav\">&rarr;<\/span><\/a><\/p>\n","protected":false},"author":1,"featured_media":0,"parent":0,"menu_order":0,"comment_status":"open","ping_status":"open","template":"","meta":{"footnotes":""},"class_list":["post-1224","page","type-page","status-publish","hentry"],"_links":{"self":[{"href":"https:\/\/catherinegoerner.com\/index.php?rest_route=\/wp\/v2\/pages\/1224","targetHints":{"allow":["GET"]}}],"collection":[{"href":"https:\/\/catherinegoerner.com\/index.php?rest_route=\/wp\/v2\/pages"}],"about":[{"href":"https:\/\/catherinegoerner.com\/index.php?rest_route=\/wp\/v2\/types\/page"}],"author":[{"embeddable":true,"href":"https:\/\/catherinegoerner.com\/index.php?rest_route=\/wp\/v2\/users\/1"}],"replies":[{"embeddable":true,"href":"https:\/\/catherinegoerner.com\/index.php?rest_route=%2Fwp%2Fv2%2Fcomments&post=1224"}],"version-history":[{"count":4,"href":"https:\/\/catherinegoerner.com\/index.php?rest_route=\/wp\/v2\/pages\/1224\/revisions"}],"predecessor-version":[{"id":1237,"href":"https:\/\/catherinegoerner.com\/index.php?rest_route=\/wp\/v2\/pages\/1224\/revisions\/1237"}],"wp:attachment":[{"href":"https:\/\/catherinegoerner.com\/index.php?rest_route=%2Fwp%2Fv2%2Fmedia&parent=1224"}],"curies":[{"name":"wp","href":"https:\/\/api.w.org\/{rel}","templated":true}]}}