{"id":1181,"date":"2017-10-12T19:38:09","date_gmt":"2017-10-12T23:38:09","guid":{"rendered":"https:\/\/catherinegoerner.com\/?page_id=1181"},"modified":"2017-10-12T19:56:23","modified_gmt":"2017-10-12T23:56:23","slug":"la-ligne-projet-coiffure-inventee","status":"publish","type":"page","link":"https:\/\/catherinegoerner.com\/?page_id=1181","title":{"rendered":"La ligne: Projet Coiffure invent\u00e9e"},"content":{"rendered":"<p><strong>NOTION(S): LA LIGNE<\/strong><\/p>\n<p><strong>La ligne:\u00a0\u00a0<\/strong>Il existe diff\u00e9rents types de lignes que vous pouvez dessiner ou observer autour de vous.\u00a0Combien en\u00a0connaissez-vous? Travail dans le cahier:<\/p>\n<p><a href=\"https:\/\/catherinegoerner.com\/wp-content\/uploads\/2017\/10\/IMG_3636.jpg\"><img loading=\"lazy\" decoding=\"async\" class=\"alignnone size-full wp-image-1167\" src=\"https:\/\/catherinegoerner.com\/wp-content\/uploads\/2017\/10\/IMG_3636.jpg\" alt=\"IMG_3636\" width=\"2448\" height=\"3264\" srcset=\"https:\/\/catherinegoerner.com\/wp-content\/uploads\/2017\/10\/IMG_3636.jpg 2448w, https:\/\/catherinegoerner.com\/wp-content\/uploads\/2017\/10\/IMG_3636-225x300.jpg 225w, https:\/\/catherinegoerner.com\/wp-content\/uploads\/2017\/10\/IMG_3636-768x1024.jpg 768w\" sizes=\"auto, (max-width: 2448px) 100vw, 2448px\" \/><\/a><\/p>\n<p>&nbsp;<\/p>\n<p>Avec la ligne, il est \u00e9galement possible de cr\u00e9er des volumes. Simplement en tra\u00e7ant des lignes parall\u00e8les avec une bosse pointue ou ronde au milieu, nous sentons un objet pointu en dessous ou des vagues. En orientant le sens de vos lignes pour suivre la base de la pyramide vous cr\u00e9ez l&rsquo;arr\u00eate frontale. En suivant la courbe du cylindre (base circulaire), nous sont volume rond. Travail dans le cahier:<\/p>\n<p><a href=\"https:\/\/catherinegoerner.com\/wp-content\/uploads\/2017\/10\/IMG_3633.jpg\"><img loading=\"lazy\" decoding=\"async\" class=\"alignnone size-full wp-image-1164\" src=\"https:\/\/catherinegoerner.com\/wp-content\/uploads\/2017\/10\/IMG_3633.jpg\" alt=\"IMG_3633\" width=\"2448\" height=\"3264\" srcset=\"https:\/\/catherinegoerner.com\/wp-content\/uploads\/2017\/10\/IMG_3633.jpg 2448w, https:\/\/catherinegoerner.com\/wp-content\/uploads\/2017\/10\/IMG_3633-225x300.jpg 225w, https:\/\/catherinegoerner.com\/wp-content\/uploads\/2017\/10\/IMG_3633-768x1024.jpg 768w\" sizes=\"auto, (max-width: 2448px) 100vw, 2448px\" \/><\/a><\/p>\n<p><strong>La ligne, les volumes et les cheveux:\u00a0<\/strong>Des artistes utilisent la ligne pour cr\u00e9er des volumes en r\u00e9p\u00e9tant et alternant le sens de leurs lignes. La chevelure est un bon exemple de volume cr\u00e9\u00e9 avec des lignes. Observez bien les images ci-dessous.<\/p>\n\n\t\t<style type=\"text\/css\">\n\t\t\t#gallery-1 {\n\t\t\t\tmargin: auto;\n\t\t\t}\n\t\t\t#gallery-1 .gallery-item {\n\t\t\t\tfloat: left;\n\t\t\t\tmargin-top: 10px;\n\t\t\t\ttext-align: center;\n\t\t\t\twidth: 33%;\n\t\t\t}\n\t\t\t#gallery-1 img {\n\t\t\t\tborder: 2px solid #cfcfcf;\n\t\t\t}\n\t\t\t#gallery-1 .gallery-caption {\n\t\t\t\tmargin-left: 0;\n\t\t\t}\n\t\t\t\/* see gallery_shortcode() in wp-includes\/media.php *\/\n\t\t<\/style>\n\t\t<div id='gallery-1' class='gallery galleryid-1181 gallery-columns-3 gallery-size-thumbnail'><dl class='gallery-item'>\n\t\t\t<dt class='gallery-icon portrait'>\n\t\t\t\t<a href='https:\/\/catherinegoerner.com\/?attachment_id=1036'><img loading=\"lazy\" decoding=\"async\" width=\"150\" height=\"150\" src=\"https:\/\/catherinegoerner.com\/wp-content\/uploads\/2017\/09\/0b519b9e090bfb54a0231dd9de2b8217-bearded-men-facial-hair-150x150.jpg\" class=\"attachment-thumbnail size-thumbnail\" alt=\"\" \/><\/a>\n\t\t\t<\/dt><\/dl><dl class='gallery-item'>\n\t\t\t<dt class='gallery-icon landscape'>\n\t\t\t\t<a href='https:\/\/catherinegoerner.com\/?attachment_id=1038'><img loading=\"lazy\" decoding=\"async\" width=\"150\" height=\"150\" src=\"https:\/\/catherinegoerner.com\/wp-content\/uploads\/2017\/09\/97dd40b57e9385faea9ab13b97222ac5-150x150.jpg\" class=\"attachment-thumbnail size-thumbnail\" alt=\"\" srcset=\"https:\/\/catherinegoerner.com\/wp-content\/uploads\/2017\/09\/97dd40b57e9385faea9ab13b97222ac5-150x150.jpg 150w, https:\/\/catherinegoerner.com\/wp-content\/uploads\/2017\/09\/97dd40b57e9385faea9ab13b97222ac5-300x300.jpg 300w, https:\/\/catherinegoerner.com\/wp-content\/uploads\/2017\/09\/97dd40b57e9385faea9ab13b97222ac5.jpg 640w\" sizes=\"auto, (max-width: 150px) 100vw, 150px\" \/><\/a>\n\t\t\t<\/dt><\/dl><dl class='gallery-item'>\n\t\t\t<dt class='gallery-icon landscape'>\n\t\t\t\t<a href='https:\/\/catherinegoerner.com\/?attachment_id=1039'><img loading=\"lazy\" decoding=\"async\" width=\"150\" height=\"150\" src=\"https:\/\/catherinegoerner.com\/wp-content\/uploads\/2017\/09\/e59b95cb18d22c03c53aeaab6b732050-150x150.jpg\" class=\"attachment-thumbnail size-thumbnail\" alt=\"\" srcset=\"https:\/\/catherinegoerner.com\/wp-content\/uploads\/2017\/09\/e59b95cb18d22c03c53aeaab6b732050-150x150.jpg 150w, https:\/\/catherinegoerner.com\/wp-content\/uploads\/2017\/09\/e59b95cb18d22c03c53aeaab6b732050-300x300.jpg 300w, https:\/\/catherinegoerner.com\/wp-content\/uploads\/2017\/09\/e59b95cb18d22c03c53aeaab6b732050.jpg 564w\" sizes=\"auto, (max-width: 150px) 100vw, 150px\" \/><\/a>\n\t\t\t<\/dt><\/dl><br style=\"clear: both\" \/><dl class='gallery-item'>\n\t\t\t<dt class='gallery-icon portrait'>\n\t\t\t\t<a href='https:\/\/catherinegoerner.com\/?attachment_id=1040'><img loading=\"lazy\" decoding=\"async\" width=\"150\" height=\"150\" src=\"https:\/\/catherinegoerner.com\/wp-content\/uploads\/2017\/09\/4a71f7be1c2ddb6e8acb85ff6ab011ac-150x150.jpg\" class=\"attachment-thumbnail size-thumbnail\" alt=\"\" \/><\/a>\n\t\t\t<\/dt><\/dl><dl class='gallery-item'>\n\t\t\t<dt class='gallery-icon portrait'>\n\t\t\t\t<a href='https:\/\/catherinegoerner.com\/?attachment_id=1041'><img loading=\"lazy\" decoding=\"async\" width=\"150\" height=\"150\" src=\"https:\/\/catherinegoerner.com\/wp-content\/uploads\/2017\/09\/9146effb3cac267b56bdeffd13a5132a-150x150.jpg\" class=\"attachment-thumbnail size-thumbnail\" alt=\"\" \/><\/a>\n\t\t\t<\/dt><\/dl><dl class='gallery-item'>\n\t\t\t<dt class='gallery-icon portrait'>\n\t\t\t\t<a href='https:\/\/catherinegoerner.com\/?attachment_id=1043'><img loading=\"lazy\" decoding=\"async\" width=\"150\" height=\"150\" src=\"https:\/\/catherinegoerner.com\/wp-content\/uploads\/2017\/09\/acd7c4df7f0be75e9808a089bd3f2802-150x150.jpg\" class=\"attachment-thumbnail size-thumbnail\" alt=\"\" \/><\/a>\n\t\t\t<\/dt><\/dl><br style=\"clear: both\" \/><dl class='gallery-item'>\n\t\t\t<dt class='gallery-icon portrait'>\n\t\t\t\t<a href='https:\/\/catherinegoerner.com\/?attachment_id=1044'><img loading=\"lazy\" decoding=\"async\" width=\"150\" height=\"150\" src=\"https:\/\/catherinegoerner.com\/wp-content\/uploads\/2017\/09\/coiffure-150x150.jpg\" class=\"attachment-thumbnail size-thumbnail\" alt=\"\" \/><\/a>\n\t\t\t<\/dt><\/dl>\n\t\t\t<br style='clear: both' \/>\n\t\t<\/div>\n\n<p>Maintenant, \u00e0 vous de jouer. Vous devez r\u00e9aliser votre propre coiffure invent\u00e9e. Il faudra d&rsquo;abord tracer les \u00e9paules et la base du coup. Si vous faites une barbe, tracez aussi l&rsquo;ovale du visage, vous ferez votre personne face \u00e0 nous. Sinon, tracez la silhouette de dos en utilisant une forme complexe et originale pour votre chevelure. Votre personnage sera dos \u00e0 nous. Ensuite, s\u00e9parez l&rsquo;espace de la coiffure ou de la barbe en plusieurs sections que vous remplirez de diff\u00e9rent types de lignes (minimum 3). Les lignes doivent \u00eatre bien serr\u00e9es puisqu&rsquo;on a beaucoup de cheveux sur la t\u00eate ou dans la barbe!<\/p>\n<p>Exemples:<\/p>\n<p><a href=\"https:\/\/catherinegoerner.com\/wp-content\/uploads\/2017\/10\/IMG_3635.jpg\"><img loading=\"lazy\" decoding=\"async\" class=\"alignnone size-full wp-image-1166\" src=\"https:\/\/catherinegoerner.com\/wp-content\/uploads\/2017\/10\/IMG_3635.jpg\" alt=\"IMG_3635\" width=\"2448\" height=\"3264\" srcset=\"https:\/\/catherinegoerner.com\/wp-content\/uploads\/2017\/10\/IMG_3635.jpg 2448w, https:\/\/catherinegoerner.com\/wp-content\/uploads\/2017\/10\/IMG_3635-225x300.jpg 225w, https:\/\/catherinegoerner.com\/wp-content\/uploads\/2017\/10\/IMG_3635-768x1024.jpg 768w\" sizes=\"auto, (max-width: 2448px) 100vw, 2448px\" \/><\/a> <a href=\"https:\/\/catherinegoerner.com\/wp-content\/uploads\/2017\/10\/IMG_3634.jpg\"><img loading=\"lazy\" decoding=\"async\" class=\"alignnone size-full wp-image-1165\" src=\"https:\/\/catherinegoerner.com\/wp-content\/uploads\/2017\/10\/IMG_3634.jpg\" alt=\"IMG_3634\" width=\"2448\" height=\"3264\" srcset=\"https:\/\/catherinegoerner.com\/wp-content\/uploads\/2017\/10\/IMG_3634.jpg 2448w, https:\/\/catherinegoerner.com\/wp-content\/uploads\/2017\/10\/IMG_3634-225x300.jpg 225w, https:\/\/catherinegoerner.com\/wp-content\/uploads\/2017\/10\/IMG_3634-768x1024.jpg 768w\" sizes=\"auto, (max-width: 2448px) 100vw, 2448px\" \/><\/a><\/p>\n<p><strong>Les crit\u00e8res d&rsquo;\u00e9valuation:<\/strong><\/p>\n<p>&#8211; Lignes tr\u00e8s serr\u00e9es et parall\u00e8les.<\/p>\n<p>&#8211; Lignes fonc\u00e9es et propret\u00e9 du dessin.<\/p>\n<p>&#8211; Originalit\u00e9 de la coiffure (forme).<\/p>\n<p>&#8211;\u00a0Utilisation vari\u00e9e des diff\u00e9rents types de lignes.<\/p>\n","protected":false},"excerpt":{"rendered":"<p>NOTION(S): LA LIGNE La ligne:\u00a0\u00a0Il existe diff\u00e9rents types de lignes que vous pouvez dessiner ou observer autour de vous.\u00a0Combien en\u00a0connaissez-vous? Travail dans le cahier: &nbsp; Avec la ligne, il est \u00e9galement possible de cr\u00e9er des volumes. Simplement en tra\u00e7ant des &hellip; <a href=\"https:\/\/catherinegoerner.com\/?page_id=1181\">Continuer la lecture <span class=\"meta-nav\">&rarr;<\/span><\/a><\/p>\n","protected":false},"author":1,"featured_media":0,"parent":0,"menu_order":0,"comment_status":"open","ping_status":"open","template":"","meta":{"footnotes":""},"class_list":["post-1181","page","type-page","status-publish","hentry"],"_links":{"self":[{"href":"https:\/\/catherinegoerner.com\/index.php?rest_route=\/wp\/v2\/pages\/1181","targetHints":{"allow":["GET"]}}],"collection":[{"href":"https:\/\/catherinegoerner.com\/index.php?rest_route=\/wp\/v2\/pages"}],"about":[{"href":"https:\/\/catherinegoerner.com\/index.php?rest_route=\/wp\/v2\/types\/page"}],"author":[{"embeddable":true,"href":"https:\/\/catherinegoerner.com\/index.php?rest_route=\/wp\/v2\/users\/1"}],"replies":[{"embeddable":true,"href":"https:\/\/catherinegoerner.com\/index.php?rest_route=%2Fwp%2Fv2%2Fcomments&post=1181"}],"version-history":[{"count":4,"href":"https:\/\/catherinegoerner.com\/index.php?rest_route=\/wp\/v2\/pages\/1181\/revisions"}],"predecessor-version":[{"id":1198,"href":"https:\/\/catherinegoerner.com\/index.php?rest_route=\/wp\/v2\/pages\/1181\/revisions\/1198"}],"wp:attachment":[{"href":"https:\/\/catherinegoerner.com\/index.php?rest_route=%2Fwp%2Fv2%2Fmedia&parent=1181"}],"curies":[{"name":"wp","href":"https:\/\/api.w.org\/{rel}","templated":true}]}}